-23
Evaluate 37 + -26 + -9 - -14.
16
Calculate (-9 - (-3 + (8 - 5))) + 12.
3
Evaluate -23 - -29 - (-4 - (6 - -5)).
21
What is the value of 2 + (-2 + 0 + 6 + -9 - 6)?
-9
What is the value of -1 + 18 + (1005 - 1007)?
15
What is (50 - 43 - (1 + -2)) + 5 + -6?
7
What is 0 + 8 + (-5 - (1 + -6 - 9))?
17
What is the value of 28 + (19 - 52) + -1 + -23 + 6?
-23
Calculate (3 - (6 - 15)) + 7 + -2.
17
Calculate -4 + -14 + 10 + (-9 + 3 - -10).
-4
Calculate 7 + (-9 - -21) + -21 + 14.
12
-18 + 4 + 13 - 2
-3
What is 8 - 4 - 4 - (-25 + -1 + -2)?
28
Evaluate 47 + -43 - (13 - 2) - -1.
-6
Calculate -62 + (28 - (-1 - -3)).
-36
35 - (12 - 12) - (-4 - -15)
24
Evaluate 1 + (4 - -3) + -4.
4
Evaluate (-4 - (1 - 0)) + -3 + 2 + 1.
-5
Evaluate (4 - 11) + 14 - (18 - 29).
18
Calculate (9 - (9 + -4 + 4 + 1)) + -12.
-13
What is the value of 4 - (7 + (-2 - 5)) - 14?
-10
Calculate 1 - (-13 - -5) - 11.
-2
Evaluate 17 + (-11 - 4) - 7 - (-8 - 0).
3
(3 - ((1 - -5) + -11 + -9)) + -3
14
What is the value of 30 + (-17 + 23 - (10 + 4))?
22
(-13 + 21 - 17) + 2
-7
-33 + 1 + 285 + -294 + (2 - -15)
-24
Evaluate (1 - 1) + (-12 - (-11 - 2)).
1
Evaluate -22 - -35 - (-13 + 26 - 5).
5
What is 18 + (-3 - 17) - (1 - -8)?
-11
What is ((4 - 1) + -15 - (-35 - -41)) + 3?
-15
Evaluate (11 - (14 + -5 + -7)) + -5 + -1.
3
Calculate -11 + 3 + 0 + (41 - 35).
-2
Evaluate (4225 - 4185) + -14 + -1 + 1.
26
Evaluate (-10 - -42 - 14) + -20.
-2
Evaluate -12 - ((-17 - -17) + -8).
-4
8 + (3 - -3 - -10) + -11
13
What is the value of (-6 - (-1 - (-3 + 1))) + 11 + -7?
-3
Evaluate -19 + -13 + (23 - 3).
-12
What is the value of (5 - (-36 + 12)) + -23?
6
Evaluate 2 + -5 + 1 + (135 - 128).
5
Calculate (2 - (8 - 0)) + (-27 - -30) - -7.
4
What is the value of (0 + 5 - 0) + (1 - (9 + 13))?
-16
What is the value of 0 + 2 + 3 + -3 - (-15 + 8)?
9
What is the value of 9 + (-3 + -6 - -30) + -5?
25
What is (-13 + 1 + -10 - 15) + 12?
-25
What is 188 + -187 + (-1 - 11)?
-11
Evaluate -1 + (-9 - 5) + (-41 - -29).
-27
What is -4 - ((-4 - 0) + (2 + -3 - 0))?
1
Calculate -3 + (5 - 4) - 5.
-7
Calculate 1 + -7 + 35 + -32.
-3
What is the value of -7 + (-12 - -22 - 1) + 7?
9
Evaluate -21 - (14 + -17 - 20) - 38.
-36
What is the value of 55 - (-10 + 27 - 1) - 6?
33
Evaluate -12 + 26 + (15 - 26).
3
What is 37 + -56 - (26 + -16)?
-29
8 + 3 + (-1 - 13 - (-7 - 0))
4
What is -2 - (-7 + 10 - (2 - -5))?
2
What is (-51 - -35) + 5 + 0?
-11
What is the value of 5 + (16 - -12) - 17?
16
-6 - (-3 + 20 - (-37 - -53))
-7
-36 + 27 - (6 - 2 - -1)
-14
What is 7 + -19 + -5 + 2 + 1 + -2?
-16
What is 28 + -13 - (34 - 48)?
29
Calculate (7 - (24 - 14) - (6 + -2)) + 5.
-2
-2 + 24 + -6 + (-4 - -8) + -4
16
What is (24 - 24) + -1 + 0 + -6?
-7
Evaluate -21 + (1 - -19) - (2 - 4 - -16).
-15
What is 6 + 0 + (-4 - 16 - -2) + 7?
-5
What is 1 - -2 - (-48 - -16 - -35)?
0
What is -21 - -8 - -24 - 22?
-11
What is the value of -29 + (9 - -8 - 12) + 12?
-12
Calculate -17 + (-8 - (-5 - 8)).
-12
-13 + (12 - (8 - -7 - 7))
-9
Evaluate 3 - 32 - (-14 - -10 - -7 - 13).
-19
Evaluate 9 - (10 + -6) - 0.
5
(115 - 92) + (1 - 0) + (-19 - -27)
32
What is the value of -26 + (-18 - (18 - 57))?
-5
Calculate 60 - (9 + -5 + 31).
25
Calculate (-1909 - -1903) + -15 + 2 + 0 + 0.
-19
What is 15 + -11 - (0 + -1)?
5
What is 7 + (-5 - -6) - 2 - 4?
2
Calculate 9 - 48 - -62 - 55.
-32
What is the value of (-24 - -12) + -2 - -47?
33
What is (45 - -19 - 72) + 1 + -1?
-8
What is the value of (-10 - -2) + 0 + 20 + 72 + -72?
12
0 + 2 + 14 - (130 + -121)
7
Calculate (-11 - 2) + -92 + 101 - -18.
14
Evaluate 1 + -4 - (6 + 4 + (10 - 13)).
-10
Calculate -10 - -16 - (6 + -15 + 7).
8
What is the value of 5 - (4 + -37 + 46)?
-8
What is the value of -12 - 13 - (19 - 29)?
-15
Evaluate (8 - -9) + (-27 - 10).
-20
Calculate 8 + -16 + (2 - 4) - -21.
11
What is 1 + 2 + -122 + 134?
15
What is 0 + -1 + 12 + -952 + 961?
20
What is 6 + 1 - (8 - (23 - (-19 - -20)))?
21
What is the value of -38 + (20 - 6) - ((7 - 1) + -17)?
-13
Evaluate 21 - 11 - (-27 - -10 - -12).
15
Calculate (-8 - (10 + (-21 - -8))) + 3.
-2
Calculate -21 - (11 + -20 + (0 - -8) - -8).
-28
Calculate 4 + (-13 - -1 - -7) - 0.
-1
Calculate 2 + 6 + 1 + -3.
6
17 + 1 + 15 + -10
23
Calculate 2 - 1 - ((23 - 2) + 15) - -5.
-30
Calculate 10 + (-28 - (16 - 13)).
-21
What is the value of 11 - -1 - (-2391 + 2390)?
13
3 + -14 + 11 + -6
-6
-62 - (10 - 30) - -16
-26
What is -55 + 74 - (26 - -8)?
-15
What is the value of (-8 - 2 - 0 - -10) + 1 - -29?
30
(-29 - (-33 + 16) - -57) + -4
41
What is the value of -1 + (0 - -3) - (-8 - (-10 + 16))?
16
What is 6 + -4 + 4 - (3 + 8) - -14?
9
What is (1 - 4 - -8) + 5 + -14 + 9?
5
Evaluate 1 + (-26 + 21 - (3 - -3)).
-10
What is the value of (117 - 104) + -3 + -11?
-1
What is the value of -3 + (6 - 14) + 4 - (1 - 24)?
16
What is the value of (7 - (4 - 4)) + 74 + -64?
17
What is (5 - (10 - (6 - 4))) + 16?
13
What is the value of -10 - (-8 + -1 + -6 + 25 + -3)?
-17
What is the value of (0 - -15) + -167 + 159 + -6?
1
Calculate -15 + 1 - -25 - 4.
7
3 - (-6 - (-42 - -18))
-15
-14 - (-18 + 11 + -7 + 10)
-10
Calculate 3 - (-2 - (-1 + -1)) - (0 + -3).
6
-5 + (-12 - -16) - 8
-9
What is the value of 2 + (-8 - (-50 - -16 - -10))?
18
339 - 344 - (-15 - (0 + 1))
11
What is (-1064 - -1034) + (2 + -2 - 1)?
-31
What is the value of -9 - 3 - 6 - (6 - (9 + -4))?
-19
What is (-18 - -10) + (-7 - -8 - -6)?
-1
What is (-12 - (6 + -11)) + -3 - -10?
0
What is the value of -13 + 12 + 1 - -9?
9
What is 26 - 15 - (-13 - -59)?
-35
-3 + 0 + -10 + 23
10
Evaluate 1 + (5 - (2 - 3)).
7
What is (-11 - (-25 - -9)) + -3?
2
Calculate -321 + 329 - (2 - (3 + -3 + -2)).
4
Evaluate (17 - 24) + -3 + -8 + (8 - 4).
-14
Calculate 0 + 4 + 1 + (-190 - (146 + -315)).
-16
Evaluate (3 + -1 - 9) + 1 + 4 + -6.
-8
Evaluate -14 + 14 + (1 - -1) + -6 + -30.
-34
What is (-7 - (3 + 2 - 4)) + 2 + 7?
1
Evaluate -6 + (3 - (-3 - (-4 - 5))).
-9
What is -2 + -1 - (-77 - -79)?
-5
-5 + (2 + -6 - (32 - 29))
-12
Evaluate 0 + (0 - -4) + 4 - 15 - -11.
4
Calculate -2 + 106 + -131 + 2 + 12.
-13
Calculate 34 - (24 - -8) - 28.
-26
Calculate (-12 - -1) + 18 + 1 + -13.
-5
Calculate -41 + (-5 - (-10 - -21) - -19).
-38
What is the value of 19 - (5 - (-2 - -4 - 5 - -9))?
20
11 + -45 - -24 - 11
-21
What is the value of 11 - (-7 + -10 + 11) - 17?
0
Calculate 6 - (-21 + -9 - -3) - (-5 + 3).
35
What is the value of -1 - ((1 - -4 - (30 - 24)) + -4)?
4
Calculate -14 + -27 - (-8 + 3) - (-6 + -2).
-28
What is (23 - 13) + -12 - -17?
15
What is (0 - -2) + (28 - (52 - 29)) - -10?
17
6 + ((3 - 10) + -11 - -7)
-5
Evaluate 9 - (-4 - -2) - (33 - 24).
2
(-8 - 1) + -99 + 177 + -81
-12
-13 - ((2 + -2 - 0) + -1 - 4)
-8
What is the value of 4 + 0 + (2 + 7 + -8 - 25)?
-20
What is the value of -42 + 40 - (3 - 2)?
-3
-1 + ((-6 - (3 + -17)) + -3 - 5)
-1
What is -2 + (9 - -3) + 12 + 15 + -9?
28
Calculate 18 + -9 + -5 + 2 + 4.
10
-58 + 63 + (2 - 5) + 4 + 0
6
Calculate (-14 - -23 - 31) + 18.
-4
(17 - 6) + -14 + -10
-13
Calculate -20 + 18 + (-12 - -8).
-6
Calculate -14 + (-14 - -24) - (-1 + -1).
-2
Calculate -1 + (0 - -9 - 9) + 11 + -42.
-32
Evaluate -2 + 9 + 2 - (-59 - -51).
17
Evaluate -13 + (-10 - 17) + 23.
-17
What is the value of 3 + (11 - 1) + -2 - (-36 + 35)?
12
Calculate -1 - 0 - ((121 - 78) + (-19 - -1)).
-26
Calculate (-12 - -4) + -1 + -2 + 7.
-4
What is 6 + 23 + (-50 - -42 - (-1 + 0))?
22
Calculate (-68 - -81) + 0 + 22.
35
What is the value of 6 + (7 + -5 - (8 - 4)) + -6?
-2
What is the value of 1 + -1 + 3 + (-1 - (-10 + 13))?
-1
What is (-39 - -18) + 24 + -18?
-15
2 - -5 - 12 - (-5 + -22)
22
Evaluate -29 - -38 - (-10 + 21 - 29).
27
Calculate -1 - -1 - ((12 - (4 + 0)) + 5).
-13
What is the value of (9 - (-1 + 1)) + (18 - (15 - -2))?
10
What is the value of -10 - 12 - -7 - -21?
6
What is the value of -13 - (-18 + 24 + -1 + -7)?
-11
Calculate 46 + -21 - 2 - 40.
-17
-1 + 5 - (59 + (-8 - 35))
-12
What is -4 + 20 + 0 - 9?
7
Evaluate -27 - (-23 + -16 - -35).
-23
What is 18 + (29 + -42 - 39)?
-34
What is the value of -7 - (10 - 21) - 13 - -26?
17
-1 - 9 - (105 - 104)
-11
3 - (-4 - -3 - -20)
-16
Evaluate -5 - ((-13 - (-16 - 10)) + -5).
-13
Evaluate 12 + (3 - (2 - (-6 - 4))).
3
What is the value of -15 - (-15 - -10 - 1)?
-9
Evaluate 1 - (-2 + 1 + 14).
-12
Evaluate -155 + 178 + (-1 - -2).
24
Evaluate (-11 - -15) + -18 + 17.
3
Calculate (-15 - -6 -